{"id":67,"date":"2011-12-30T21:03:40","date_gmt":"2011-12-30T20:03:40","guid":{"rendered":"http:\/\/zygplume.fr\/WordPress3\/?page_id=67"},"modified":"2021-02-06T18:31:57","modified_gmt":"2021-02-06T17:31:57","slug":"galerie-personnages","status":"publish","type":"page","link":"http:\/\/esprit-nomade.zygplume.fr\/?page_id=67","title":{"rendered":"Galerie  Personnages"},"content":{"rendered":"<p style=\"text-align: center;\"><span style=\"color: #000000;\">Mes personnages&#8230;..<\/span><\/p>\n<p style=\"text-align: center;\"><span style=\"color: #000000;\"> Sortis de mon imaginaire &#8230;..<\/span><\/p>\n<p style=\"text-align: center;\"><span style=\"color: #000000;\">Un monde parall\u00e8le ou une autre dimension, monde post apocalyptique &#8230;<\/span><\/p>\n<p style=\"text-align: center;\"><span style=\"color: #000000;\">Mi- Elfes, Mi- Anges, quelque chose d&rsquo;approchant dans l&rsquo;Esprit en tout cas &#8230;..<\/span><\/p>\n<p style=\"text-align: center;\"><span style=\"color: #000000;\">Juste une silhouette , une Attitude &#8230;. <\/span><\/p>\n<p style=\"text-align: center;\"><span style=\"color: #000000;\">Grand Voyageur, Penseur , Ma\u00eetre de la Lumi\u00e8re, de la Parole , et bien d&rsquo;autres Castes et Ordres \u00e0 venir &#8230; <\/span><\/p>\n\r\n\t\t<style type='text\/css'>\r\n\t\t\t#gallery-1 {\r\n\t\t\t\tmargin: auto;\r\n\t\t\t}\r\n\t\t\t#gallery-1 .gallery-item {\r\n\t\t\t\tfloat: left;\r\n\t\t\t\tmargin-top: 10px;\r\n\t\t\t\ttext-align: center;\r\n\t\t\t\twidth: 33%;\r\n\t\t\t}\r\n\t\t\t#gallery-1 img {\r\n\t\t\t\tborder: 2px solid #cfcfcf;\r\n\t\t\t}\r\n\t\t\t#gallery-1 .gallery-caption {\r\n\t\t\t\tmargin-left: 0;\r\n\t\t\t}\r\n\t\t<\/style>\r\n\t\t<!-- see gallery_shortcode() in wp-includes\/media.php -->\n\t\t<div id='gallery-1' class='gallery galleryid-67 gallery-columns-3 gallery-size-thumbnail gallery1'><script type=\"text\/javascript\">\r\n\/\/ <![CDATA[\r\n\tjQuery(document).ready(function () {\r\n\t\tjQuery(\".gallery1 a\").attr(\"rel\",\"gallery1\");\t\r\n\t\tjQuery('a[rel=\"gallery1\"]').colorbox({maxWidth:\"95%\", maxHeight:\"95%\",title: function(){ return jQuery(this).children().attr(\"alt\"); }, });\r\n\t});\r\n\/\/ ]]>\r\n<\/script>\n<dl class=\"gallery-item\">\n<dt class=\"gallery-icon\">\r\n<a href=\"http:\/\/esprit-nomade.zygplume.fr\/wp-content\/uploads\/2011\/12\/DSCN3058-1024x768.jpg\" title=\"\" rel=\"gallery1\"><img src=\"http:\/\/esprit-nomade.zygplume.fr\/wp-content\/uploads\/2011\/12\/DSCN3058-150x112.jpg\" width=\"150\" height=\"112\" alt=\"\" \/><\/a>\r\n<\/dt><\/dl><dl class=\"gallery-item\">\n<dt class=\"gallery-icon\">\r\n<a href=\"http:\/\/esprit-nomade.zygplume.fr\/wp-content\/uploads\/2011\/12\/DSCN3065-768x1024.jpg\" title=\"\" rel=\"gallery1\"><img src=\"http:\/\/esprit-nomade.zygplume.fr\/wp-content\/uploads\/2011\/12\/DSCN3065-112x150.jpg\" width=\"112\" height=\"150\" alt=\"\" \/><\/a>\r\n<\/dt><\/dl><dl class=\"gallery-item\">\n<dt class=\"gallery-icon\">\r\n<a href=\"http:\/\/esprit-nomade.zygplume.fr\/wp-content\/uploads\/2011\/12\/DSCN3066-768x1024.jpg\" title=\"\" rel=\"gallery1\"><img src=\"http:\/\/esprit-nomade.zygplume.fr\/wp-content\/uploads\/2011\/12\/DSCN3066-112x150.jpg\" width=\"112\" height=\"150\" alt=\"\" \/><\/a>\r\n<\/dt><\/dl><br style=\"clear: both\" \/><dl class=\"gallery-item\">\n<dt class=\"gallery-icon\">\r\n<a href=\"http:\/\/esprit-nomade.zygplume.fr\/wp-content\/uploads\/2011\/12\/DSCN0092-e1325615075623.jpg\" title=\"\" rel=\"gallery1\"><img src=\"http:\/\/esprit-nomade.zygplume.fr\/wp-content\/uploads\/2011\/12\/DSCN0092-112x150.jpg\" width=\"112\" height=\"150\" alt=\"\" \/><\/a>\r\n<\/dt><\/dl><dl class=\"gallery-item\">\n<dt class=\"gallery-icon\">\r\n<a href=\"http:\/\/esprit-nomade.zygplume.fr\/wp-content\/uploads\/2011\/12\/DSCN0093-e1325615058425.jpg\" title=\"\" rel=\"gallery1\"><img src=\"http:\/\/esprit-nomade.zygplume.fr\/wp-content\/uploads\/2011\/12\/DSCN0093-150x112.jpg\" width=\"150\" height=\"112\" alt=\"\" \/><\/a>\r\n<\/dt><\/dl><dl class=\"gallery-item\">\n<dt class=\"gallery-icon\">\r\n<a href=\"http:\/\/esprit-nomade.zygplume.fr\/wp-content\/uploads\/2011\/12\/DSCN0089-e1325615053330.jpg\" title=\"\" rel=\"gallery1\"><img src=\"http:\/\/esprit-nomade.zygplume.fr\/wp-content\/uploads\/2011\/12\/DSCN0089-112x150.jpg\" width=\"112\" height=\"150\" alt=\"\" \/><\/a>\r\n<\/dt><\/dl><br style=\"clear: both\" \/><dl class=\"gallery-item\">\n<dt class=\"gallery-icon\">\r\n<a href=\"http:\/\/esprit-nomade.zygplume.fr\/wp-content\/uploads\/2011\/12\/DSCN0099-e1325615049776.jpg\" title=\"\" rel=\"gallery1\"><img src=\"http:\/\/esprit-nomade.zygplume.fr\/wp-content\/uploads\/2011\/12\/DSCN0099-112x150.jpg\" width=\"112\" height=\"150\" alt=\"\" \/><\/a>\r\n<\/dt><\/dl><dl class=\"gallery-item\">\n<dt class=\"gallery-icon\">\r\n<a href=\"http:\/\/esprit-nomade.zygplume.fr\/wp-content\/uploads\/2011\/12\/DSCN0101-e1325615045194.jpg\" title=\"\" rel=\"gallery1\"><img src=\"http:\/\/esprit-nomade.zygplume.fr\/wp-content\/uploads\/2011\/12\/DSCN0101-112x150.jpg\" width=\"112\" height=\"150\" alt=\"\" \/><\/a>\r\n<\/dt><\/dl><dl class=\"gallery-item\">\n<dt class=\"gallery-icon\">\r\n<a href=\"http:\/\/esprit-nomade.zygplume.fr\/wp-content\/uploads\/2011\/12\/DSCN0107-e1325615011940.jpg\" title=\"\" rel=\"gallery1\"><img src=\"http:\/\/esprit-nomade.zygplume.fr\/wp-content\/uploads\/2011\/12\/DSCN0107-112x150.jpg\" width=\"112\" height=\"150\" alt=\"\" \/><\/a>\r\n<\/dt><\/dl><br style=\"clear: both\" \/><dl class=\"gallery-item\">\n<dt class=\"gallery-icon\">\r\n<a href=\"http:\/\/esprit-nomade.zygplume.fr\/wp-content\/uploads\/2011\/12\/DSCN0111-e1325615023768.jpg\" title=\"\" rel=\"gallery1\"><img src=\"http:\/\/esprit-nomade.zygplume.fr\/wp-content\/uploads\/2011\/12\/DSCN0111-112x150.jpg\" width=\"112\" height=\"150\" alt=\"\" \/><\/a>\r\n<\/dt><\/dl><dl class=\"gallery-item\">\n<dt class=\"gallery-icon\">\r\n<a href=\"http:\/\/esprit-nomade.zygplume.fr\/wp-content\/uploads\/2011\/12\/DSCN3003-1024x768.jpg\" title=\"\" rel=\"gallery1\"><img src=\"http:\/\/esprit-nomade.zygplume.fr\/wp-content\/uploads\/2011\/12\/DSCN3003-150x112.jpg\" width=\"150\" height=\"112\" alt=\"\" \/><\/a>\r\n<\/dt><\/dl><dl class=\"gallery-item\">\n<dt class=\"gallery-icon\">\r\n<a href=\"http:\/\/esprit-nomade.zygplume.fr\/wp-content\/uploads\/2011\/12\/DSCN3050-1024x768.jpg\" title=\"\" rel=\"gallery1\"><img src=\"http:\/\/esprit-nomade.zygplume.fr\/wp-content\/uploads\/2011\/12\/DSCN3050-150x112.jpg\" width=\"150\" height=\"112\" alt=\"\" \/><\/a>\r\n<\/dt><\/dl><br style=\"clear: both\" \/><dl class=\"gallery-item\">\n<dt class=\"gallery-icon\">\r\n<a href=\"http:\/\/esprit-nomade.zygplume.fr\/wp-content\/uploads\/2011\/12\/DSCN3059-768x1024.jpg\" title=\"\" rel=\"gallery1\"><img src=\"http:\/\/esprit-nomade.zygplume.fr\/wp-content\/uploads\/2011\/12\/DSCN3059-112x150.jpg\" width=\"112\" height=\"150\" alt=\"\" \/><\/a>\r\n<\/dt><\/dl><dl class=\"gallery-item\">\n<dt class=\"gallery-icon\">\r\n<a href=\"http:\/\/esprit-nomade.zygplume.fr\/wp-content\/uploads\/2011\/12\/DSCN3067-768x1024.jpg\" title=\"\" rel=\"gallery1\"><img src=\"http:\/\/esprit-nomade.zygplume.fr\/wp-content\/uploads\/2011\/12\/DSCN3067-112x150.jpg\" width=\"112\" height=\"150\" alt=\"\" \/><\/a>\r\n<\/dt><\/dl>\r\n\t\t\t<br style='clear: both' \/>\r\n\t\t<\/div>\n\n","protected":false},"excerpt":{"rendered":"<p>Mes personnages&#8230;.. Sortis de mon imaginaire &#8230;.. Un monde parall\u00e8le ou une autre dimension, monde post apocalyptique &#8230; Mi- Elfes, Mi- Anges, quelque chose d&rsquo;approchant dans l&rsquo;Esprit en tout cas &#8230;.. Juste une silhouette , une Attitude &#8230;. Grand Voyageur, Penseur , Ma\u00eetre de la Lumi\u00e8re, de la Parole , et bien d&rsquo;autres Castes et &hellip; <\/p>\n<p><a class=\"more-link btn\" href=\"http:\/\/esprit-nomade.zygplume.fr\/?page_id=67\">Lire la suite<\/a><\/p>\n","protected":false},"author":1,"featured_media":0,"parent":0,"menu_order":0,"comment_status":"open","ping_status":"open","template":"","meta":[],"_links":{"self":[{"href":"http:\/\/esprit-nomade.zygplume.fr\/index.php?rest_route=\/wp\/v2\/pages\/67"}],"collection":[{"href":"http:\/\/esprit-nomade.zygplume.fr\/index.php?rest_route=\/wp\/v2\/pages"}],"about":[{"href":"http:\/\/esprit-nomade.zygplume.fr\/index.php?rest_route=\/wp\/v2\/types\/page"}],"author":[{"embeddable":true,"href":"http:\/\/esprit-nomade.zygplume.fr\/index.php?rest_route=\/wp\/v2\/users\/1"}],"replies":[{"embeddable":true,"href":"http:\/\/esprit-nomade.zygplume.fr\/index.php?rest_route=%2Fwp%2Fv2%2Fcomments&post=67"}],"version-history":[{"count":8,"href":"http:\/\/esprit-nomade.zygplume.fr\/index.php?rest_route=\/wp\/v2\/pages\/67\/revisions"}],"predecessor-version":[{"id":564,"href":"http:\/\/esprit-nomade.zygplume.fr\/index.php?rest_route=\/wp\/v2\/pages\/67\/revisions\/564"}],"wp:attachment":[{"href":"http:\/\/esprit-nomade.zygplume.fr\/index.php?rest_route=%2Fwp%2Fv2%2Fmedia&parent=67"}],"curies":[{"name":"wp","href":"https:\/\/api.w.org\/{rel}","templated":true}]}}